 Let q(u) = 4*u**3 - u. Calculate q(r).
3
Let g(u) = -10*u**2 + 2*u - 1. Let m(r) = 3*r**3 + r**2 + r - 2. Let d be m(1). Suppose -n - 4 = -d*q, -3 + 7 = -4*n. What is g(q)?
-9
Let f = -16 - -23. Let r(u) = -6*u + 10. Let a(j) = -5*j + 10. Let i(s) = 4*a(s) - 3*r(s). What is i(f)?
-4
Let q(r) be the second derivative of -r**5/20 + 7*r**4/12 + 3*r**2/2 + 4*r + 19. Determine q(7).
3
Let h(q) = q**3 + 5*q**2 - 7*q - 7. Suppose 2*w = -r - 6, 2*w = -r - w - 6. What is h(r)?
-1
Let b(s) = -4*s + 6. Let h(j) = -j**3 + j + 1. Let f be h(2). Let u(i) = -3*i + 4. Let w(n) = f*b(n) + 7*u(n). What is w(-4)?
2
Let p be 63/156 - (6 + 76/(-13)). Let o(x) be the first derivative of -5 + 0*x**2 + p*x**4 + 4*x + x**3. What is o(-3)?
4
Let i(g) be the third derivative of g**4/4 + 2*g**3/3 + 3*g**2 + 3. Let h = -8 + 4. Determine i(h).
-20
Let u(l) = 5*l**2 - 8. Let k(g) = 3*g**2 - 5. Let c(w) = 8*k(w) - 5*u(w). Let t(h) = -4*h - 1 - 1 + 4*h - 8*h**2 + 5*h. Let v(x) = 6*c(x) - t(x). What is v(3)?
5
Let p be 0/(-25) - 10/2. Let z(r) = -2*r**2 - 5*r + 2. Determine z(p).
-23
Let j be -2*(0 - 34/4). Let s = 60 + -75. Let l = s + j. Let r(a) = -2*a**3 + 4*a**2 - 3*a. Give r(l).
-6
Let a(x) = -15*x + 323. Let s be a(22). Let c(v) = 8*v - v + v**2 + 4 + 1. What is c(s)?
5
Let c be (-6)/15 + 48/(-30). Let o(f) = -5*f**2 + 9*f**2 + 2 - f**2 + 3*f. Calculate o(c).
8
Let a be 2/3 + 10/3. Let n(d) = -597*d**2 - 12*d - 4 - d**3 + 601*d**2 + 12*d. Calculate n(a).
-4
Let v(d) = -9*d + 3*d - 4 + 4*d. Determine v(2).
-8
Let t = 19/8 + -41/24. Let c(b) be the third derivative of 7*b**2 + 1/12*b**4 + 0 + 0*b - t*b**3. Calculate c(3).
2
Let n(f) = -f**2 - 5*f + 2. Let x = -3 - -5. Suppose 7*i + 4*w - 36 = 2*i, -2*i - 3*w = -20. Suppose i + x = -q. Give n(q).
-4
Let i(w) = w**3 + 4*w**2 - 5*w - 1. Suppose 39 = 5*f - 3*o, 2*o - 3 = -3*f + 9. Suppose -b - 2 = -2*y - f, -2*y - 2*b = 16. Calculate i(y).
19
Let a be 1 + 0*(-2 - -1). Let n be a/4 - 38/(-8). Let i(h) = -5*h + 10*h - 4*h. What is i(n)?
5
Suppose 7 - 5 = w. Let k(g) = -11 - 9*g**2 + 3*g**3 + 2*g + 24*g**w - 4*g**3 - 7*g**2. What is k(8)?
5
Let d(o) = 14*o**2 - 5*o**2 - 6*o + 13 + 4*o**3 - 3*o**3. Let k be d(-10). Let z be 2/9 - 48/k. Let i(g) = -g**2 + 2*g - 3. Give i(z).
-3
Let x(i) = -i**2 + 4*i + 3. Suppose -4*u + g = -31, 5*g - 4 - 3 = 2*u. Let l be (50/(-75))/(2/u). What is x(l)?
-18
Let w(x) = -x**2 + x + 23. Let b(m) = 4*m**2 - 4*m - 69. Let h(j) = -2*b(j) - 7*w(j). Give h(0).
-23
Let x(l) = l**2 - 8*l - 9. Let g be (-16)/(4/((-10)/5)). Calculate x(g).
-9
Let l(i) = 3*i - 3. Let w(o) = o - 1. Let t(g) = -6*l(g) + 17*w(g). Let b = -37 + 50. Suppose -10 = b*r - 36. What is t(r)?
-1
Let c(s) = 349*s - 12 - 177*s - 171*s. Determine c(12).
0
Let v(u) = -8*u + 56. Suppose -182 = -12*c - 14*c. What is v(c)?
0
Let z(f) = f**2 - 7*f + 5. Let m(x) be the first derivative of -x**2 - x + 4. Let i be m(-2). Suppose -q - 1 = -i, -b - 4*q + 13 = 0. Determine z(b).
-5
Let b(h) be the first derivative of 7*h**2/2 - 6*h - 137. Calculate b(5).
29
Let g(v) = -v**3 - 10*v**2 + 6*v - 2. Let t be -5 - 6/(-2) - -4. Let u(z) = 6*z**3 + 52*z**2 - 30*z + 10. Let x(i) = t*u(i) + 11*g(i). Calculate x(5).
3
Let t(o) be the first derivative of -o**4/2 + 7*o**3/3 - o**2/2 - 2*o - 246. What is t(3)?
4
Let m(z) = -z + 1. Let y = -6 - -11. Let g = -54 - -56. Suppose 2*u + g = 5*k, 4*k + 0 = y*u + 5. Calculate m(u).
2
Let u(z) = -7*z**3 - 2*z**2 - 2*z - 1. Suppose 0 = -4*m - 31 - 29. Suppose -13*j + 9*j = 56. Let o = m - j. Give u(o).
6
Suppose 0 = 5*f + z - 11, -4*f + f + 3*z = -3. Suppose -3*r + 8*r - 3 = -3*g, -3*r = g + 3. Let x(t) = t - 4*t - 3 - f*t + g. Give x(3).
-12
Let m(i) = -i**3 - 8*i**2 + 7*i - 11. Let r(q) = -q**2 + q - 2. Let u(c) = -m(c) + 6*r(c). Give u(-3).
-7
Suppose -3*m + 0*w = -w - 21, w + 9 = m. Let b be 104/10 - 2/5. Let q(x) = -3. Let z(i) = -i + 5. Let s(j) = b*q(j) + m*z(j). Determine s(-1).
6
Suppose -3*k + 20 = k. Let f(a) be the third derivative of -1/24*a**4 + 18*a**2 + 0 + 1/3*a**3 + 0*a. What is f(k)?
-3
Let j(f) = -f**2 + 2*f**2 - 6*f + 111434 - 111432. Suppose 0*c - 4*c = -12. Give j(c).
-7
Let t(n) be the first derivative of n**2 + 4*n - 80. Give t(-6).
-8
Let o(l) be the second derivative of l**4/12 + l**3/3 + l**2 - 210*l. Let x = -9 + 15. Let i be (-2 + 3)/((-2)/x). Give o(i).
5
Let t = -11 + 9. Let c(w) = -7*w**2 - 21*w + 4. Let j(k) = 3*k**2 + 10*k - 2. Let u be -2*(-4)/((-24)/15). Let r(l) = t*c(l) + u*j(l). Calculate r(-6).
14
Let r(b) = -b + 6. Suppose -5*j - 1 = 3*d - j, 0 = 4*d - 4*j + 20. Let z(i) = -2*i + 5. Let p(f) = d*z(f) + 2*r(f). Give p(-4).
-19
Let z(s) = 4 + 0*s + 4*s**2 - 2 - 2*s**2 + 6*s. Let q be z(-3). Let a(p) = -4*p + 4*p**2 - p - 6*p**2 + 3*p**q. Give a(6).
6
Let u(n) = n**2 - 6*n + 11. Suppose -697*w + 700*w = 18. Determine u(w).
11
Suppose 141 = 15*x + 81. Let f(u) = -2*u**2 + 9*u - 10. Give f(x).
-6
Let d(x) be the third derivative of 33*x**2 - 7/12*x**4 + 0 + 0*x + 1/6*x**3. Let q(t) = t**3 + 3*t**2 - 5*t - 5. Let p be q(-4). What is d(p)?
15
Let n be (2 + -1)*(2 + 2). Let z(q) = -2*q**2 - 3*q**2 + 6*q + n*q**2. Suppose -2*i + 7*i = -3*b + 35, b = -5*i + 25. Determine z(b).
5
Let h(s) = 2*s. Suppose -23*t = -18*t. Suppose 10 = -t*y + 5*y. What is h(y)?
4
Let x be (3 + -2)*(3 + 1). Let r(z) = 15 - 7 + 5*z - 12 - 2*z. Calculate r(x).
8
Let v(w) be the second derivative of -w**6/720 - w**5/12 - 9*w**4/4 + 22*w. Let x(c) be the third derivative of v(c). What is x(-8)?
-2
Let l(t) = 3*t**2 - 2 - 68*t**3 + 129*t**3 - 58*t**3. Give l(-2).
-14
Let v(i) = -1 - 48*i + 27*i + 18*i + 0. Let j be (-1)/3 + (-33)/9. Determine v(j).
11
Let w(l) = l - 2. Let f = 162 - 167. What is w(f)?
-7
Let x = -6 + 0. Let m(k) be the second derivative of k**3/6 + 13*k**2/2 - k. Calculate m(x).
7
Let n(z) = -2*z**3 - 8*z**2 + 6*z. Let a(w) = -w**3 - w**2 + w. Let v(p) = -3*a(p) + n(p). Let y be 2/6 - 44/(-12). Determine v(y).
-4
Suppose -121 = -19*p + 88. Let z(h) = h**3 - 10*h**2 - 12*h - 13. Calculate z(p).
-24
Let f(n) be the second derivative of -2*n**3/3 - 3*n**2 - 2*n - 52. Give f(-3).
6
Let k(z) = z**2 - 3*z - 2. Let t(x) = x + 1. Let r(f) = 2*k(f) + 5*t(f). Let q be (2 - (-27)/(-12))/(2/(-16)). Calculate r(q).
7
Let q(i) = 4 - 2*i**2 - i - 3*i - 3. Suppose 84*f = 74*f - 30. Calculate q(f).
-5
Let d(u) = u**2 - 2*u - 3. Let p(o) = 2*o**3 + 8*o**2 - 23*o + 3. Let n be 29/(-5) - (9/(-5) + 2). Let l be p(n). Determine d(l).
12
Let o(i) = i**2 - 2*i + 1. Let d be ((-24)/14)/(9/(-21)). Give o(d).
9
Let q(x) = -5*x + 15. Let r(k) = 2*k - 4. Let c(f) = 3*q(f) + 8*r(f). Calculate c(-10).
3
Let r(y) = 2*y**3 - 6*y**2 + y - 3. Let f(p) = -3*p**3 + 7*p**2 - 2*p + 3. Let d(s) = 3*f(s) + 4*r(s). Let o = 11 - 24. Let w be (-1)/(-4) - o/(-4). Give d(w).
3
Let p(z) be the third derivative of -2*z**2 + 1/12*z**4 + 0 + 1/6*z**3 + 0*z. Suppose -5*b = -4*b + 3. Determine p(b).
-5
Suppose -10*z + 4*z = -72. Let o(u) = -u**2 + 11*u + 7. What is o(z)?
-5
Let x(s) = -8897*s - 2 + 8898*s + 8. Let v(u) = u**3 + u**2 + 2*u + 3. Suppose -3*h = -5*h - 4. Let r be v(h). What is x(r)?
1
Let u(d) = 11*d**2 + 7*d + 16. Let a(l) = -5*l**2 - 3*l - 8. Let i(h) = 9*a(h) + 4*u(h). Calculate i(0).
-8
Let n(k) be the second derivative of -k**5/20 + k**4/2 - 2*k**3/3 + 5*k**2/2 + 213*k. Give n(5).
10
Let y be (-4)/26 + 4180/130. Let w = y + -32. Let o(s) = s**3 + s**2 + s - 9. Give o(w).
-9
Let u(k) = 9*k - 4. Let z be u(1). Suppose 0 = -z*c - 5, 4*h - 5 = -3*c. Let d(y) = y**2 + 1. Determine d(h).
5
Let o(t) = -t**2 + 5*t - 4. Let c(u) = 14*u**2 - 7*u + 9. Let d be c(2). Let i = d + -46. Give o(i).
-4
Let o(k) = k + 1. Let g(v) = v - 1. Let f(r) = -3*g(r) + 4*o(r). Determine f(-5).
2
Let y(m) be the second derivative of m**3/6 + 13*m**2/2 + 64*m. What is y(-9)?
4
Let f(n) = -n**3 - 5*n**2 + 6*n - 3. Let k(s) = -s**3 + s**2 + 2*s - 6. Suppose 0 = 2*g - a - 1, -5 = -g - 2*a + 3. Let o be k(g). What is f(o)?
-3
Suppose -7 = m - 5*o + 2, 5*m = 4*o - 3. Let u(c) be the second derivative of 3*c + 1/2*c**2 - 1/20*c**5 + 0 + 1/12*c**4 - 1/6*c**3. What is u(m)?
0
Suppose -4*p = -3*l - 20, -l - 2*p = 2*l - 10. Let c(n) be the third derivative of -n**6/120 - n**4/24 - n**3 - 4*n**2. Give c(l).
-6
Let h(f) = f**3 - 15*f**2 + 15*f + 14. Suppose 30 = 2*g - 2*u